number?
True
Is 63197 composite?
False
Is 6227 composite?
True
Is 62969 a prime number?
True
Is 3353 a prime number?
False
Is 4489 a composite number?
True
Is 1566997 composite?
False
Is 1211 a composite number?
True
Is 1326059 a prime number?
False
Is 451031 a prime number?
False
Is 338839 composite?
False
Is 85549 composite?
False
Is 976553 a prime number?
True
Is 5723 prime?
False
Is 6547 prime?
True
Is 66137 a composite number?
False
Is 390129 a composite number?
True
Is 221362 a prime number?
False
Is 28363 a prime number?
False
Is 199103 a prime number?
True
Is 264073 a prime number?
False
Is 24029 a prime number?
True
Is 50207 prime?
True
Is 1444873 composite?
False
Is 139 composite?
False
Is 2844601 composite?
False
Is 11111 a prime number?
False
Is 27143 prime?
True
Is 743579 prime?
True
Is 631 a prime number?
True
Is 671699 a composite number?
True
Is 7753 composite?
False
Is 3453 composite?
True
Is 998 composite?
True
Is 1649 prime?
False
Is 17291 a composite number?
False
Is 3719 composite?
False
Is 124141 a prime number?
False
Is 5731 a prime number?
False
Is 66643 a prime number?
True
Is 887 a prime number?
True
Is 2933 a composite number?
True
Is 3240919 a prime number?
False
Is 53959 prime?
True
Is 176323 a composite number?
True
Is 8857 prime?
False
Is 362069 a composite number?
False
Is 275959 a prime number?
False
Is 8039 prime?
True
Is 78427 a composite number?
False
Is 333737 prime?
True
Is 1199417 prime?
True
Is 470183 a composite number?
True
Is 12889 prime?
True
Is 11903 a prime number?
True
Is 285027 prime?
False
Is 92459 a composite number?
False
Is 157627 a composite number?
False
Is 77963 composite?
True
Is 32206 prime?
False
Is 709719 prime?
False
Is 16669 a prime number?
False
Is 12047 a prime number?
False
Is 709 a prime number?
True
Is 1151383 a composite number?
False
Is 3437 a prime number?
False
Is 1580459 composite?
False
Is 27449 a prime number?
True
Is 65795 composite?
True
Is 309053 a composite number?
True
Is 20841 prime?
False
Is 41831 prime?
False
Is 96581 composite?
False
Is 8509 prime?
False
Is 1028186 prime?
False
Is 885359 a prime number?
True
Is 66686 a prime number?
False
Is 154571 composite?
False
Is 8147 a prime number?
True
Is 30881 prime?
True
Is 210731 a prime number?
True
Is 75853 a composite number?
False
Is 822989 a composite number?
False
Is 943895 prime?
False
Is 12701 prime?
False
Is 3779 prime?
True
Is 1657 a prime number?
True
Is 34829 a prime number?
False
Is 254689 composite?
True
Is 191953 a prime number?
True
Is 214589 prime?
True
Is 19349 a prime number?
False
Is 1008547 prime?
True
Is 12849 a composite number?
True
Is 34577 a composite number?
True
Is 382643 composite?
False
Is 59333 a composite number?
False
Is 197447 composite?
True
Is 14479 prime?
True
Is 44417 a prime number?
True
Is 36631 a composite number?
True
Is 945947 composite?
True
Is 29317 prime?
False
Is 59 a composite number?
False
Is 21089 a prime number?
True
Is 36319 prime?
True
Is 47731 a prime number?
False
Is 1605833 a composite number?
True
Is 35039 a composite number?
True
Is 276869 prime?
True
Is 18169 composite?
False
Is 287561 a prime number?
False
Is 4817 a composite number?
False
Is 15901 prime?
True
Is 7441 a prime number?
False
Is 3007 a prime number?
False
Is 72613 prime?
True
Is 30466 a prime number?
False
Is 9551 prime?
True
Is 19739 composite?
False
Is 46801 composite?
True
Is 2279 a prime number?
False
Is 5077 composite?
False
Is 383321 composite?
False
Is 46409 prime?
False
Is 628909 a prime number?
True
Is 255422 a composite number?
True
Is 104579 a prime number?
True
Is 134581 composite?
False
Is 12001 prime?
False
Is 5113 a prime number?
True
Is 72689 prime?
True
Is 1293 composite?
True
Is 9337 composite?
False
Is 20981 a prime number?
True
Is 104341 composite?
True
Is 4909523 a composite number?
False
Is 196699 a prime number?
True
Is 300277 a composite number?
False
Is 4507 composite?
False
Is 53651 a prime number?
False
Is 47581 prime?
True
Is 23719 prime?
True
Is 8419 prime?
True
Is 157037 prime?
True
Is 1138499 prime?
False
Is 21011 prime?
True
Is 734677 a composite number?
True
Is 9451 prime?
False
Is 124049 a composite number?
True
Is 290735 prime?
False
Is 342413 a composite number?
False
Is 214195 prime?
False
Is 7633 a composite number?
True
Is 2909 a prime number?
True
Is 22921 a composite number?
False
Is 334603 composite?
False
Is 66733 a composite number?
False
Is 42257 a prime number?
True
Is 102385 composite?
True
Is 22123 a prime number?
True
Is 47381 prime?
True
Is 1227 prime?
False
Is 118754 a composite number?
True
Is 54601 composite?
False
Is 118439 a prime number?
False
Is 415343 prime?
True
Is 173905 a prime number?
False
Is 7522 a prime number?
False
Is 355 a composite number?
True
Is 109481 composite?
False
Is 9722 a prime number?
False
Is 682511 a prime number?
True
Is 4534 a prime number?
False
Is 249553 prime?
False
Is 89477 composite?
False
Is 4847 composite?
True
Is 15917 prime?
False
Is 571531 a composite number?
False
Is 1423579 a composite number?
False
Is 10529 prime?
True
Is 158707 a prime number?
False
Is 57083 a prime number?
False
Is 508213 a prime number?
True
Is 18539 a composite number?
False
Is 937985 prime?
False
Is 5509 composite?
True
Is 63491 prime?
False
Is 21599 prime?
True
Is 4127 prime?
True
Is 6121 prime?
True
Is 148807 composite?
True
Is 724187 a prime number?
True
Is 7609 composite?
True
Is 24589 composite?
True
Is 202963 a composite number?
True
Is 67631 prime?
True
Is 7103 a composite number?
False
Is 766447 a prime number?
False
Is 3427 a prime number?
False
Is 256199 prime?
True
Is 1444181 a composite number?
False
Is 14891 a composite number?
False
Is 192971 a composite number?
False
Is 1049 a prime number?
True
Is 41359 a composite number?
True
Is 1949 prime?
True
Is 453107 a prime number?
True
Is 83891 prime?
True
Is 4721 prime?
True
Is 18433 composite?
False
Is 45659 a composite number?
False
Is 22409 prime?
True
Is 1949 a composite number?
False
Is 122143 prime?
False
Is 437861 a composite number?
False
Is 28571 composite?
False
Is 334069 composite?
False
Is 4835 a composite number?
True
Is 603719 a prime number?
True
Is 669013 composite?
True
Is 42719 prime?
True
Is 28271 composite?
True
Is 2411 a composite number?
False
Is 96541 a composite number?
True
Is 130769 a composite number?
False
Is 50459 composite?
False
Is 4796237 a composite number?
False
Is 54301 a composite number?
True
Is 147197 a composite number?
False
Is 187097 prime?
False
Is 16411 composite?
False
Is 36854 composite?
True
Is 921 a composite number?
True
Is 57923 a prime number?
True
Is 61001 a prime number?
True
Is 22993 composite?
False
Is 52361 a composite number?
False
Is 1531781 composite?
True
Is 79967 composite?
False
Is 5315 composite?
True
Is 80035 composite?
True
Is 52907 composite?
True
Is 326453 a prime number?
False
Is 64939 a prime number?
False
Is 22003 composite?
False
Is 2777 prime?
True
Is 652161 a prime number?
False
Is 88823 composite?
True
Is 13367 prime?
True
Is 470993 a prime number?
True
Is 34511 composite?
False
Is 9967 a prime number?
True
Is 49573 a composite number?
True
Is 83495 a composite number?
True
Is 25001 a prime number?
False
Is 175507 a prime number?
False
Is 5561 a prime number?
False
Is 30757 a composite number?
False
Is 23597 prime?
False
Is 51971 prime?
True
Is 186887 a composite number?
True
Is 55429 composite?
True
Is 799 a composite number?
True
Is 53513 a prime number?
False
Is 849217 composite?
False
Is 102713 composite?
True
Is 1437511 prime?
True
Is 97267 composite?
True
Is 69893 composite?
True
Is 94409 prime?
False
Is 5321 a composite number?
True
Is 9851 a composite number?
False
Is 475601 a composite number?
True
Is 12381 a prime number?
False
Is 213461 composite?
False
Is 3063 prime?
False
Is 267731 prime?
False
Is 221209 a composite number?
False
Is 9239 a prime number?
True
Is 577781 prime?
True
Is 1435457 composite?
False
Is 23507 a composite number?
True
Is 29789 prime?
True
Is 25105 a prime number?
False
Is 447407 a prime number?
False
Is 54123 composite?
True
Is 226906 a prime number?
False
Is 160255 a composite number?
True
Is 2202137 composite?
True
Is 182233 prime?
True
Is 34381 a composite 